 52 (base 9) to base 14.
35
-1 (base 5) to base 8
-1
Convert -7c (base 13) to base 2.
-1100111
Convert 8 (base 12) to base 10.
8
1001 (base 4) to base 11
5a
3 (base 13) to base 5
3
What is -342 (base 6) in base 2?
-10000110
Convert 10110 (base 2) to base 10.
22
What is 40 (base 5) in base 15?
15
Convert 1 (base 14) to base 7.
1
Convert 5 (base 14) to base 11.
5
What is 1 (base 5) in base 9?
1
7f (base 16) to base 3
11201
What is -4d (base 15) in base 8?
-111
Convert 3 (base 8) to base 12.
3
-15 (base 11) to base 7
-22
Convert -3 (base 11) to base 8.
-3
-6 (base 16) to base 15
-6
-32 (base 10) to base 9
-35
Convert c (base 14) to base 5.
22
What is -2 (base 8) in base 9?
-2
-21002 (base 3) to base 14
-d9
What is -196 (base 11) in base 15?
-101
What is 0 (base 6) in base 8?
0
What is 17 (base 11) in base 8?
22
-4 (base 13) to base 5
-4
Convert -9 (base 15) to base 8.
-11
What is -2 (base 16) in base 9?
-2
What is -3 (base 15) in base 12?
-3
Convert 15 (base 15) to base 14.
16
What is 111 (base 2) in base 6?
11
111 (base 5) to base 2
11111
Convert -2 (base 5) to base 2.
-10
43 (base 16) to base 9
74
Convert 11 (base 4) to base 2.
101
Convert 52 (base 8) to base 6.
110
What is -20 (base 3) in base 15?
-6
-23 (base 6) to base 8
-17
What is -1 (base 13) in base 4?
-1
-4 (base 10) to base 7
-4
10 (base 3) to base 8
3
-39 (base 14) to base 4
-303
What is -20 (base 13) in base 4?
-122
What is -5a (base 13) in base 6?
-203
Convert -4 (base 11) to base 15.
-4
What is -2 (base 4) in base 14?
-2
3 (base 4) to base 14
3
Convert -5 (base 12) to base 14.
-5
What is 74 (base 15) in base 7?
214
What is -122 (base 5) in base 2?
-100101
What is -1a (base 11) in base 9?
-23
-147 (base 8) to base 14
-75
What is 0 (base 7) in base 16?
0
1 (base 15) to base 8
1
What is -1011011 (base 2) in base 8?
-133
Convert 21 (base 5) to base 6.
15
Convert 2a (base 11) to base 7.
44
1 (base 7) to base 2
1
62 (base 11) to base 7
125
What is -63 (base 10) in base 13?
-4b
-1201 (base 5) to base 3
-20112
-21 (base 5) to base 7
-14
Convert -2a (base 12) to base 5.
-114
-133 (base 13) to base 2
-11010011
What is 2 (base 3) in base 14?
2
What is 2211 (base 3) in base 13?
5b
What is 1 (base 11) in base 3?
1
23 (base 14) to base 16
1f
Convert -10 (base 11) to base 7.
-14
Convert 20 (base 14) to base 11.
26
Convert -21 (base 5) to base 15.
-b
2 (base 5) to base 2
10
What is 92 (base 16) in base 15?
9b
What is -6 (base 10) in base 15?
-6
Convert -5 (base 8) to base 6.
-5
What is 330 (base 4) in base 11?
55
What is 12 (base 5) in base 6?
11
Convert -124 (base 5) to base 11.
-36
What is -1 (base 11) in base 12?
-1
Convert -2 (base 15) to base 16.
-2
Convert 41 (base 8) to base 9.
36
74 (base 9) to base 2
1000011
Convert 3110 (base 4) to base 16.
d4
-14 (base 10) to base 13
-11
-44 (base 6) to base 8
-34
-6 (base 9) to base 14
-6
What is -a3 (base 15) in base 10?
-153
What is -1 (base 4) in base 11?
-1
2 (base 16) to base 4
2
20 (base 13) to base 15
1b
13 (base 7) to base 10
10
2 (base 7) to base 10
2
What is 18 (base 11) in base 16?
13
-a5 (base 15) to base 8
-233
Convert 51 (base 13) to base 16.
42
Convert -3 (base 5) to base 9.
-3
What is 9 (base 16) in base 9?
10
-11 (base 2) to base 7
-3
Convert -20 (base 3) to base 11.
-6
What is 25 (base 9) in base 13?
1a
-1101001 (base 2) to base 9
-126
What is -3 (base 5) in base 14?
-3
What is 100 (base 2) in base 8?
4
-1 (base 6) to base 3
-1
What is -100 (base 2) in base 16?
-4
119 (base 14) to base 6
1003
Convert -7 (base 13) to base 3.
-21
Convert 42 (base 6) to base 8.
32
Convert -16 (base 16) to base 10.
-22
-11 (base 10) to base 3
-102
What is -7 (base 9) in base 8?
-7
What is -8 (base 12) in base 9?
-8
29 (base 10) to base 3
1002
What is -272 (base 9) in base 11?
-197
What is 16 (base 13) in base 15?
14
What is 12 (base 8) in base 3?
101
Convert 70 (base 9) to base 5.
223
What is -5 (base 9) in base 14?
-5
Convert -21 (base 4) to base 16.
-9
Convert -4 (base 16) to base 3.
-11
Convert -66 (base 13) to base 10.
-84
7 (base 9) to base 11
7
What is 0 (base 15) in base 8?
0
51 (base 10) to base 8
63
-15 (base 11) to base 5
-31
Convert 28 (base 13) to base 3.
1021
-46 (base 13) to base 3
-2011
-1 (base 12) to base 15
-1
-125 (base 14) to base 4
-3211
-8c (base 15) to base 3
-11220
28 (base 9) to base 8
32
10 (base 6) to base 16
6
Convert -14 (base 13) to base 14.
-13
-1234 (base 5) to base 13
-11c
What is -9 (base 12) in base 14?
-9
What is -1 (base 15) in base 12?
-1
-1 (base 13) to base 12
-1
What is -1001 (base 5) in base 9?
-150
What is -1011 (base 2) in base 5?
-21
What is -b (base 16) in base 12?
-b
Convert -311 (base 5) to base 6.
-213
What is -7 (base 9) in base 7?
-10
What is 5 (base 7) in base 12?
5
-2 (base 12) to base 6
-2
What is -3 (base 7) in base 16?
-3
What is -3 (base 16) in base 5?
-3
What is 5 (base 10) in base 3?
12
0 (base 15) to base 7
0
-112 (base 8) to base 5
-244
What is 41 (base 12) in base 8?
61
What is -8 (base 11) in base 6?
-12
Convert 57 (base 9) to base 11.
48
Convert -10 (base 8) to base 16.
-8
Convert -15 (base 7) to base 13.
-c
What is 4 (base 16) in base 12?
4
What is 0 (base 15) in base 11?
0
Convert 0 (base 9) to base 16.
0
Convert 100 (base 3) to base 13.
9
Convert -1010 (base 2) to base 10.
-10
What is -10 (base 2) in base 5?
-2
14 (base 5) to base 2
1001
What is 10010000 (base 2) in base 9?
170
What is -b4 (base 15) in base 8?
-251
What is 4 (base 8) in base 9?
4
Convert 11 (base 8) to base 12.
9
60 (base 13) to base 6
210
b (base 13) to base 7
14
Convert 16 (base 15) to base 14.
17
What is 186 (base 11) in base 7?
425
-11 (base 2) to base 16
-3
What is 0 (base 12) in base 4?
0
-1 (base 6) to base 12
-1
What is 9 (base 13) in base 10?
9
Convert b (base 14) to base 6.
15
-2 (base 15) to base 4
-2
Convert 9 (base 12) to base 6.
13
Convert -10c (base 13) to base 10.
-181
12 (base 13) to base 8
17
Convert -3d (base 15) to base 10.
-58
Convert 3 (base 7) to base 16.
3
What is 8 (base 13) in base 12?
8
Convert 1 (base 13) to base 2.
1
12 (base 4) to base 14
6
5c (base 14) to base 9
101
3 (base 11) to base 12
3
Convert -254 (base 9) to base 3.
-21211
Convert -21 (base 14) to base 9.
-32
What is -45 (base 8) in base 11?
-34
Convert -90 (base 14) to base 6.
-330
What is -6 (base 10) in base 8?
-6
Convert -1 (base 4) to base 10.
-1
Convert -3 (base 6) to base 2.
-11
Convert 2 (base 10) to base 7.
2
0 (base 8) to base 2
0
What is -103 (base 7) in base 16?
-34
-1 (base 3) to base 10
-1
42 (base 12) to base 13
3b
-100 (base 2) to base 14
-4
Convert 2 (base 8) to base 10.
2
What is -75 (base 16) in base 12?
-99
-36 (base 8) to base 4
-132
211 (base 5) to base 15
3b
What is 0 (base 8) in base 9?
0
What is -421 (base 8) in base 7?
-540
-e (base 16) to base 6
-22
What is 7 (base 16) in base 9?
7
What is 13 (base 13) in base 9?
17
What is -6 (base 10) in base 16?
-6
-1 (base 9) to base 7
-1
What is -2 (base 11) in base 14?
-2
What is -7 (base 15) in base 14?
-7
What is 9 (base 12) in base 6?
13
What is -25 (base 6) in base 8?
-21
What is 2 (base 6) in base 14?
2
Convert 43 (base 6) to base 15.
1c
Convert -2 (base 7) to base 2.
-10
What is 35 (base 16) in base 12?
45
-cd (base 16) to base 4
-3031
What is -1 (base 15) in base 10?
-1
What is 2 (base 8) in base 13?
2
-6 (base 14) to base 7
-6
What is -9 (base 12) in base 11?
-9
1 (base 8) to base 10
1
Convert 2 (base 9) to base 10.
2
Convert -2 (base 9) to base 13.
-2
What is 1c (base 14) in base 7?
35
-27 (base 10) to base 9
-30
8e (base 16) to base 12
ba
What is 17 (base 9) in base 6?
24
Convert -4 (base 13) to base 10.
-4
1 (base 15) to base 11
1
What is -29 (base 11) in base 3?
-1011
Convert 2 (base 7) to base 12.
2
What is 0 (base 6) in base 13?
0
3 (base 13) to base 14
3
-a (base 15) to base 3
-101
-11 (base 6) to base 8
-7
Convert 416 (base 9) to base 14.
1a3
Convert 13 (base 7) to base 15.
a
20 (base 5) to base 2
1010
What is -150 (base 14) in base 5?
-2031
10000 (base 2) to base 13
13
Convert -323 (base 6) to base 5.
-443
Convert 306 (base 8) to base 13.
123
Convert 0 (base 15) to base 6.
0
1 (base 7) to base 14
1
Convert 5 (base 15) to base 13.
5
Convert -12 (base 12) to base 10.
-14
Convert -2 (base 13) to base 5.
-2
-15 (base 10) to base 9
-16
Convert 2a (base 